{"id":2114,"date":"2019-02-25T12:25:17","date_gmt":"2019-02-25T12:25:17","guid":{"rendered":"http:\/\/s770243018.onlinehome.fr\/contact\/"},"modified":"2019-03-12T09:52:20","modified_gmt":"2019-03-12T09:52:20","slug":"contact","status":"publish","type":"page","link":"https:\/\/lemontaigu.com\/?page_id=2114&lang=fr","title":{"rendered":"Contact"},"content":{"rendered":"\t\t<div data-elementor-type=\"wp-post\" data-elementor-id=\"2114\" class=\"elementor elementor-2114 elementor-16 elementor-bc-flex-widget\" data-elementor-post-type=\"page\">\n\t\t\t\t\t\t<section class=\"elementor-section elementor-top-section elementor-element elementor-element-52f0f4b elementor-section-boxed elementor-section-height-default elementor-section-height-default\" data-id=\"52f0f4b\" data-element_type=\"section\">\n\t\t\t\t\t\t<div class=\"elementor-container elementor-column-gap-default\">\n\t\t\t\t\t<div class=\"elementor-column elementor-col-100 elementor-top-column elementor-element elementor-element-581983b\" data-id=\"581983b\" data-element_type=\"column\">\n\t\t\t<div class=\"elementor-widget-wrap elementor-element-populated\">\n\t\t\t\t\t\t<div class=\"elementor-element elementor-element-2f4cba4 elementor-widget elementor-widget-text-editor\" data-id=\"2f4cba4\" data-element_type=\"widget\" data-widget_type=\"text-editor.default\">\n\t\t\t\t<div class=\"elementor-widget-container\">\n\t\t\t\t\t\t\t<h4>Vous n&#8217;\u00eates pas certain de votre voyage ou vous avez besoin de plus d&#8217;informations ?<\/h4>\n\t\t\t\t\t\t<\/div>\n\t\t\t\t<\/div>\n\t\t\t\t\t<\/div>\n\t\t<\/div>\n\t\t\t\t\t<\/div>\n\t\t<\/section>\n\t\t\t\t<section class=\"elementor-section elementor-top-section elementor-element elementor-element-5a119345 elementor-section-boxed elementor-section-height-default elementor-section-height-default\" data-id=\"5a119345\" data-element_type=\"section\">\n\t\t\t\t\t\t<div class=\"elementor-container elementor-column-gap-default\">\n\t\t\t\t\t<div class=\"elementor-column elementor-col-50 elementor-top-column elementor-element elementor-element-265436ea\" data-id=\"265436ea\" data-element_type=\"column\">\n\t\t\t<div class=\"elementor-widget-wrap elementor-element-populated\">\n\t\t\t\t\t\t<div class=\"elementor-element elementor-element-5421761 elementor-widget elementor-widget-text-editor\" data-id=\"5421761\" data-element_type=\"widget\" data-widget_type=\"text-editor.default\">\n\t\t\t\t<div class=\"elementor-widget-container\">\n\t\t\t\t\t\t\t<p>Envoyez-nous un mail et nous vous contacterons rapidement !<\/p>\n<p>Si vous pr\u00e9f\u00e9rez, vous pouvez aussi appeler notre bureau de r\u00e9servation <\/p>\n<address><a href=\"tel:+33-562928171\">+33 (0)562928171<\/a><\/address><\/p>\n\t\t\t\t\t\t<\/div>\n\t\t\t\t<\/div>\n\t\t\t\t\t<\/div>\n\t\t<\/div>\n\t\t\t\t<div class=\"elementor-column elementor-col-50 elementor-top-column elementor-element elementor-element-de77a61\" data-id=\"de77a61\" data-element_type=\"column\">\n\t\t\t<div class=\"elementor-widget-wrap\">\n\t\t\t\t\t\t\t<\/div>\n\t\t<\/div>\n\t\t\t\t\t<\/div>\n\t\t<\/section>\n\t\t\t\t<\/div>\n\t\t","protected":false},"excerpt":{"rendered":"<p>Vous n&#8217;\u00eates pas certain de votre voyage ou vous avez besoin de plus d&#8217;informations ? Envoyez-nous un mail et nous vous contacterons rapidement ! Si vous pr\u00e9f\u00e9rez, vous pouvez aussi appeler notre bureau de r\u00e9servation +33 (0)562928171<\/p>\n","protected":false},"author":1,"featured_media":0,"parent":0,"menu_order":0,"comment_status":"open","ping_status":"open","template":"template-booking.php","meta":{"footnotes":""},"_links":{"self":[{"href":"https:\/\/lemontaigu.com\/index.php?rest_route=\/wp\/v2\/pages\/2114"}],"collection":[{"href":"https:\/\/lemontaigu.com\/index.php?rest_route=\/wp\/v2\/pages"}],"about":[{"href":"https:\/\/lemontaigu.com\/index.php?rest_route=\/wp\/v2\/types\/page"}],"author":[{"embeddable":true,"href":"https:\/\/lemontaigu.com\/index.php?rest_route=\/wp\/v2\/users\/1"}],"replies":[{"embeddable":true,"href":"https:\/\/lemontaigu.com\/index.php?rest_route=%2Fwp%2Fv2%2Fcomments&post=2114"}],"version-history":[{"count":0,"href":"https:\/\/lemontaigu.com\/index.php?rest_route=\/wp\/v2\/pages\/2114\/revisions"}],"wp:attachment":[{"href":"https:\/\/lemontaigu.com\/index.php?rest_route=%2Fwp%2Fv2%2Fmedia&parent=2114"}],"curies":[{"name":"wp","href":"https:\/\/api.w.org\/{rel}","templated":true}]}}